ue
Is 259124/(100/28 - (-12)/28) a prime number?
True
Suppose 5*s + 1605 = -5*u, 1008 = -3*u + 5*s + 29. Let k(n) = n**3 - 8*n**2 + 8*n - 4. Let i be k(6). Let m = i - u. Is m a prime number?
False
Let w(q) = -5*q**3 - 15*q**2 - 134*q - 455. Is w(-37) a prime number?
True
Suppose 10*x = 2*x + 80. Let z be ((-12)/x)/(10/25). Is (9/6 + -2)*1410/z a prime number?
False
Let v be (7 + 40/32)/(2/8). Is 10851/v + 8/44 prime?
False
Is 16 + 17105 + -14 + -14 prime?
True
Let l(b) = b**3 - 9*b**2 + 2*b + 25. Let j = 182 - 165. Is l(j) a composite number?
False
Let c = 25 - -60. Let p = c - 79. Is 4*(-921)/p*(0 - 1) composite?
True
Suppose -6*u - 27*u = -990. Suppose -58*o = -u*o - 188692. Is o a prime number?
False
Let s(h) = h - 26 + 7*h - 2*h - 7. Let v be s(6). Let b(g) = 152*g - 7. Is b(v) composite?
False
Let q be 12/(-42) + 8016/28. Suppose 0 = -5*x + 3071 - q. Is x a prime number?
True
Suppose 57385 + 18237 = -723*l + 725*l. Is l prime?
True
Let v(i) = i**3 - 11*i**2 - 21*i + 19. Let h be 3 - (-6)/(12/(-10)). Let c(u) = -u**2 - u. Let j(s) = h*c(s) + v(s). Is j(12) a prime number?
True
Let g(z) = -38*z**3 + 17*z - 3. Let s = 130 - 134. Is g(s) a prime number?
False
Is 18/99 - 16/(-33) - 237339/(-27) composite?
True
Suppose 380*v = 356*v + 1127581 + 845243. Is v prime?
False
Let h = 350788 + -132741. Is h composite?
False
Suppose 16679781 = 52*h - 7979503. Is h prime?
False
Suppose -166*y + 3582662 = -84*y. Is y prime?
True
Suppose -z = -0*z - 3. Let a(k) = z*k**2 - 2*k + 20*k**3 + 2 - 6*k**3 + 42*k**3. Is a(3) prime?
False
Is (-877260)/(-90)*(-15)/20*-74 composite?
True
Suppose -801800 = -5*j + 3*l, 5*j - 4*l - 509028 = 292777. Is j prime?
True
Suppose 29*k = -42*k - 2*k + 2348191. Is k prime?
False
Suppose -2*m = 8, 4*b - m - 84 = -280. Let v be 0 + 6/3 - (8 - 403). Let a = v - b. Is a a prime number?
False
Let s(r) = 4*r + 10. Let h be s(11). Is (-9)/(h/(-19200)) - 6 a composite number?
True
Suppose -25*i = -918851 - 883963 + 45739. Is i prime?
False
Let v(i) = -i**3 + 28*i**2 - 14*i + 39. Let f be v(14). Suppose 8*q - f = 19197. Is q a composite number?
True
Let n be ((-15)/(-9))/(5/(-15)). Is 1*84215*(-1)/n a composite number?
False
Suppose -2*y + 5*y + 2*k = 7871, 5230 = 2*y - 3*k. Suppose b = -l + y, -l + 0 = 5. Suppose -5*m = -q - 1599, -5*m - 1043 = 3*q - b. Is m prime?
False
Is (-21)/(-420)*-8 + 1/((-5)/(-209637)) a prime number?
True
Suppose 0 = -5*a + l - 0*l - 159659, -3*l - 95799 = 3*a. Is 5 + -12 - (a + -2) composite?
True
Let g = -92066 - -147723. Is g prime?
False
Let t(d) = -2*d**2 + 23*d - 34. Let x be t(10). Let q(j) = -3*j**3 + j**2 - 8*j - 17. Is q(x) composite?
False
Suppose 7*x - 11*x = 6572. Let w = x + 2430. Is w composite?
False
Suppose 0 = 15*i + 2049 + 86346. Let k = -4148 - i. Is k a composite number?
True
Let m = 26 + -21. Let j be (8/20)/((-1)/m). Is (310 - 17)/(2 + 1 + j) prime?
True
Suppose -37*q + 2436 = -31*q. Let l = 2533 + q. Is l composite?
False
Suppose -3*g + 10932 - 3525 = 0. Suppose -3*o = 2*w - g, o = -0*o + 5*w + 823. Suppose -k = 4, -x - 3*k - k + o = 0. Is x prime?
True
Let k = 9945 - 5958. Suppose 2*x = 19 - 21, -k = -5*p + 2*x. Is p a prime number?
True
Let c(o) = 12*o**2 - 17*o - 72. Let g be 8 - (-4 + 33 + 4). Is c(g) composite?
False
Suppose -18*z - 365446 + 1595602 = -6*z. Is z a prime number?
False
Suppose 298144 = -9*j + 31*j - 599170. Is j a composite number?
False
Suppose -48727 = -2*t - 3*k, 5738 = t + 3*k - 18630. Is t a prime number?
True
Let q(l) = -3*l + 21. Let t be q(-7). Let g = -38 + t. Suppose -655 = -4*k - 3*h, h = -3*h + g. Is k composite?
False
Let n = 17 + -3. Suppose n*i = 18*i - 16264. Suppose 5*d = 5*a + i + 2659, 2*a - 1345 = -d. Is d a prime number?
False
Suppose -3*y - 3*x - 210 = 0, -2*y - 2*y - 3*x - 277 = 0. Let k = 69 + y. Is (-703)/(k*2*(-3)/12) a composite number?
True
Let p(t) = -484*t + 93. Let a be p(12). Is ((-12)/(-9) - 2)/(6/a) a prime number?
False
Suppose 3*c - 2*h - 1455253 = 0, 2912442 = 12*c + h - 2908525. Is c a composite number?
False
Is 12*(1282638/(-56))/(-3) a composite number?
True
Let b(j) = -5*j + 18. Let t(s) = 1. Let h(i) = b(i) + t(i). Let p(k) = -5*k + 20. Let l(d) = 5*h(d) - 4*p(d). Is l(-8) a prime number?
False
Let t be (36/(-90))/(2/(-10)). Suppose 5*u - 4036 = -t*c - 2*c, u - 5045 = -5*c. Is c a prime number?
True
Let f = -8904 - -20017. Is f a composite number?
False
Suppose 189130 = 8*j + 37746. Is j a prime number?
False
Let p(q) = -1117*q**2 - 5*q - 10. Let y be p(-5). Is y/(-35) + (-15)/35 a prime number?
True
Let v = -4391 + 13776. Suppose -5*l - 7173 = -3*x - 22796, -3*l - x + v = 0. Is l prime?
False
Let g = 184 + -202. Is ((10 - 19)/g)/(1/1402) prime?
True
Suppose -111*o = -98*o - 938183 - 1487630. Is o composite?
False
Suppose 0 = h + 6*g - 8*g + 8737, 3*h + 4*g + 26181 = 0. Let c = h - -15462. Is c composite?
True
Suppose 2*b + 4*u = -b - 15913, -5*b + 3*u - 26541 = 0. Let i = -2488 - b. Is i composite?
False
Suppose 2821 + 9074 = a. Suppose -a = -4*s - 2563. Is s composite?
False
Let z = -37870 + 53993. Is z a prime number?
False
Suppose 20305831 = -130*z + 214369181. Is z composite?
True
Let f = -56016 + 94415. Suppose 7*b = 3*x + 3*b - f, -3*x + 38394 = -3*b. Is x a composite number?
True
Let r(b) = -421*b + 7. Let m(t) = -844*t + 15. Let d(j) = 6*m(j) - 13*r(j). Is d(12) a prime number?
False
Suppose 1226903 + 467164 = 12*w - 1328985. Is w composite?
True
Let g(n) = 15*n**2 + 120*n + 22. Let f = 137 - 164. Is g(f) a prime number?
True
Suppose -40*q + 0*q + 18430840 = 0. Is q composite?
False
Let u = 1 - 1. Suppose -50*h = -259*h - 278075 + 1474809. Suppose u = -9*q + 23*q - h. Is q composite?
False
Let k be ((-1232)/220)/(99/105 + -1). Suppose -113 = -2*l + p, -4*p = -14*l + 12*l + k. Is l a prime number?
True
Suppose 2*o - 4*o = -8, -4*a - 5*o = -213432. Is a composite?
False
Let g(w) = -2*w + 2. Let l be g(2). Let k = 19699 + -19700. Is (178/l)/((-36)/33 - k) composite?
True
Let k = -6174 + 6217. Is k prime?
True
Suppose 5*k - 2702 = -4*c, -3*c + 458 = 5*k - 1571. Let g = 1507 - c. Let w = g + 1385. Is w composite?
True
Suppose 7*j + 30 = 6*j. Is (((-2958)/9)/(-2))/((-10)/j) a composite number?
True
Suppose -5*x + 101014 = 3*s, 2*s + 80798 = -31*x + 35*x. Is x a composite number?
False
Let z(k) = 25 - 16*k + 12*k**2 - 18*k + 19*k**2 + 42*k. Is z(6) a composite number?
True
Let b = -7 + 6. Let x = 17 - b. Is (12/x)/(4/1122) prime?
False
Let h(l) = 7968*l**2 - 93*l + 191. Is h(2) composite?
True
Let i(v) = 499*v + 680. Is i(47) prime?
True
Let q be (12/9)/((-2)/(-3)) + 2. Let j be 98/5 - (72/20 - q). Is (6824/j)/(8/20) a prime number?
True
Let v be 895/(-2)*(-32)/20. Let o = v + 1955. Is o a prime number?
True
Suppose -26166 = -5*o + 2*y + 44563, 42436 = 3*o - y. Is o prime?
True
Let u = 15 + -16. Let f be (-2)/(-4)*(u - 3 - -4). Suppose f = 7*c - 2*c - 5305. Is c composite?
False
Let a be ((152/(-10))/(-4))/(21/105). Suppose -13*l + a*l - 12894 = 0. Is l a prime number?
False
Let n = -4906 - -9395. Is n composite?
True
Is ((-181700526)/(-196))/(3/2) a composite number?
False
Let j = 331465 + -52632. Is j composite?
True
Let h(n) = -11*n + 673. Suppose -12 = 5*a - 0*a + 4*b, -a + 4*b = -12. Is h(a) a composite number?
False
Let k be 16/(-20)*90/(-4). Let r(h) be the third derivative of 55*h**4/12 - 13*h**3/6 - 345*h**2. Is r(k) a prime number?
False
Suppose -3*f = n - 2333, 2*f - 5*f - 15 = 0. Suppose 2*b + n = 5*b + 5*r, -2*b - 2*r = -1564. Is b a composite number?
True
Suppose -w = w + 80. Let z = -37 - w. Suppose 0*a = -z*a + 5*n + 244, n + 331 = 4*a. Is a prime?
True
Suppose 22971 = 2*w + 5*c - 110335, 4*w - 266576 = -c. Is w composite?
False
Let l(i) = 3*i - 14. Let n be l(6). Suppose 2*d + 2*d + 2 = 3*t, -2*d + n = t. Suppose -10743 = -5*o + a, -o + 4*a + 6439 = t*o. Is o a prime number?
False
Let o(x) = -17*x + 34. Let b(g) = 9*g - 17. Let q(h) = 7*b(h) + 3*o(h). Let l(m) = m**3 - 10*m**2 + 9*m + 12. Let d be l(9). Is q(d) a prime number?
True
Let w be 2/3 + (-1904)/102. Let x(s) = -227*s + 19. Is x(w) composite?
True
Let j be 6/(-27) + (39032/36 - -1). Is 10 - 8 - -1*j a prime number?
True
Let x be (106/(-3))/(2/(-9)). Let w(l) = 13*l**2 - 101*l + 4. Let o be w(9). Let r = x + o. Is r a composite number?
False
L